 the second derivative of t(l). What is the units digit of r(6)?
8
Suppose -195*k = 271*k - 12979498. What is the ten thousands digit of k?
2
What is the tens digit of (-1)/((-5395935)/337245 - -16)?
8
What is the units digit of (8/36*-1)/2 - (-2399790)/270?
8
Suppose -2*o + 2804 + 1354 = 0. Suppose 36*f - o = 29*f. What is the tens digit of f?
9
Suppose 26*p - 68143 = 122931. What is the thousands digit of p?
7
Suppose -2*z - 3*z = 2*d - 496, -2*d + 96 = z. Suppose 0 = q, 24*q = -4*b + 29*q + 76. Let r = z - b. What is the units digit of r?
1
Let w be 0 - (-5620)/18 - 54/243. Suppose w = -9*d + 9753. What is the units digit of d?
9
Suppose 2*c + 6*v = 3*v - 3, 2*v - 17 = 5*c. Let p(t) = -3*t**3 + t**2 + 3*t + 3. Let j be p(c). What is the units digit of j*(-10)/25*5/(-4)?
2
Suppose 3*t - 22*t + 36347 = 0. Let d = t + -691. What is the units digit of d?
2
Suppose -110637 = 6048*w - 6067*w. What is the tens digit of w?
2
Let u(g) = 11*g**2 + 277*g - 111. What is the units digit of u(-41)?
3
Let v(c) = 40*c**2 + 3. Let r(x) = -x**3 + 7*x**2 - 8*x + 16. Let d be r(6). Suppose -4*s - 2*t + 0*t = d, t + 6 = -4*s. What is the tens digit of v(s)?
6
Let n(w) = -w**3 - w**2 + 8*w + 7. Let b be n(-6). Suppose 142*i - 648 = b*i. What is the tens digit of i?
1
Let f(y) = 390*y + 517. What is the thousands digit of f(5)?
2
Suppose n = -4*t - 13729, 9*t - 4*n + 3411 = 8*t. Let s = -2335 - t. What is the thousands digit of s?
1
Let z(i) = -3*i**3 - 10*i**2 - 2*i - 5. Let p be -2*(3 - 9/6). Let l be (-4*(-3)/(-10))/(p/(-10)). What is the tens digit of z(l)?
3
Let u = -426 - -425. What is the tens digit of 1612 - 4/u - -4?
2
Let a(q) = 2*q**2 + 3*q + 1. Let j be a(-2). Suppose 0 = -t - 4*p + j, p = 3*p. Suppose 0 = -0*b + t*b - 72. What is the units digit of b?
4
Suppose 1216383 + 3074235 - 18125092 = -223*r. What is the thousands digit of r?
2
Let l(u) = 26*u**2 - 9*u + 771. What is the thousands digit of l(-16)?
7
Suppose -y - 35386 = -w, -55*y + 53*y = 4. What is the units digit of w?
4
Let k(w) = w - 2. Let m be k(-2). Let x(u) = 19*u**2 - 9*u - 16. What is the tens digit of x(m)?
2
Suppose 4*n + w = 12 + 2, 0 = -4*n + w + 18. Suppose 2*d - 17 = -5*c + 220, -n*d = 16. What is the units digit of c?
9
Let q = 7259 - 1129. What is the units digit of q?
0
Suppose 266481 + 29999 = 8*f. What is the units digit of f?
0
Let j(u) = 6*u**2 - 107*u - 24. Let m be j(18). Let i(c) = 2369*c**2 + c + 2. Let v be i(-1). What is the units digit of m/(-4) - v/(-12)?
9
Suppose 0 = -16*z + 77932 + 1100804. What is the units digit of z?
1
Let m = -4114 - -11657. What is the hundreds digit of m?
5
Suppose 19*j + 134*j + 36*j - 12552813 = 0. What is the thousands digit of j?
6
Let z be 12/15 + (-664794)/(-195). What is the hundreds digit of z/5 + 7 + 8?
6
Let o be (-1 - 2) + (-2)/((-1)/(-1)). Let v(d) = -4*d - 15. Let p be v(o). Suppose g - p*g + 4*l = -172, -g = -5*l - 55. What is the units digit of g?
0
Let u(s) = -6*s + 39. Suppose 64 = 4*x - 36. Suppose -3*n = -5*l - x, 2*n - 20 = 4*l + 5*n. What is the units digit of u(l)?
9
Let r = -6319 + 12077. What is the tens digit of r?
5
Let p(w) = -8*w**3 - 5*w**2 - 8*w - 158. What is the thousands digit of p(-14)?
0
Suppose -230*k = -28*k - 3079490. What is the ten thousands digit of k?
1
Suppose 5*c + 0*c = 11*c + 18. Suppose 5*p + 34 = 189. Let i = p + c. What is the tens digit of i?
2
Let b = -7223 + 20053. What is the hundreds digit of b?
8
Let v(t) = -28*t - t**3 - 12 - 6 + 23*t**2 + 6. What is the tens digit of v(16)?
3
Let r(j) = 2*j + 5. Let x be r(-1). Let u be (-3 - -7)*x/6. Suppose -4*i - 4*p = -72, 5*i + 0*p - u*p - 62 = 0. What is the units digit of i?
4
Suppose 6*b + 14 = 122. Suppose b*p - 23*p + 1010 = 0. What is the units digit of p?
2
Let j be -10 + 11 + (-2 - 1). What is the tens digit of ((-1 - j) + 288)*1?
8
Let w be 282/(-94) - (-8667 - (1 - 1)). Suppose -18*p + 26*p - w = 0. What is the units digit of p?
3
Suppose -2*i = 4*u - 264, -3*i + 349 + 22 = u. Suppose 49 + i = c. What is the tens digit of c?
7
Suppose -21*r = -895 - 1142. Suppose -2*w + r = -967. What is the hundreds digit of w?
5
Suppose -3*c = -291*z + 296*z - 4348, -z = -4*c - 888. What is the hundreds digit of z?
8
Let w(s) = -s**3 + 10*s**2 - 7*s - 18. Let h be w(9). Let v be (-12)/(-2) + (-9 - -8). What is the tens digit of (48 - h) + -1 + v?
5
What is the tens digit of 9272 - (-8 + (8 - 2))?
7
Let i = 31 + -26. Suppose -6*p + 3*p = 2*f + 114, p + 285 = -i*f. Let x = f + 122. What is the units digit of x?
5
Suppose -4*y + 35331 = 5*q - 29506, 3*q + 2*y = 38903. What is the tens digit of q?
6
Let j(b) = b**3 + 7*b**2 + 2*b + 11. Let h be j(-7). What is the units digit of (6/(-4))/(1*h/330)?
5
Let q(f) = -10*f - 63. Let h be (14 - 10)*(3 + (-19)/2). What is the tens digit of q(h)?
9
Suppose -x = -5*f + 30117, 4*f + 3*x - 10634 - 13452 = 0. What is the hundreds digit of f?
0
Suppose c + 80768 = 4*b, 3*b + 3*c = 14685 + 45876. What is the tens digit of b?
9
Let l = 295305 - 204048. What is the units digit of l?
7
Suppose -7*h + 11*h = -2*t + 1778, 2*t = -3*h + 1778. Suppose 3*i - 749 = t. What is the tens digit of i?
4
Let b(t) = -t**3 + t**2 + 5*t + 2. Let l be b(-2). Suppose 5*p + 5*y - 1545 = 0, -5*p = -3*p - l*y - 618. What is the hundreds digit of p?
3
Let o(n) be the third derivative of n**5/60 - n**4/3 + n**3/3 + 2*n**2. Let p = -442 - -456. What is the tens digit of o(p)?
8
Suppose -12 = -k + 5*m, -5*m - 4 = k + 2*k. Let o = k + 0. Suppose o*t - 87 = t. What is the tens digit of t?
8
Suppose -8*k = -10*k + 14. Suppose 0*h + 28 = 4*h + 4*d, h - 5*d = k. Suppose -h*s + 27 = -568. What is the units digit of s?
5
Let f = 24165 + -201. What is the ten thousands digit of f?
2
Suppose -24 = -24*h + 16*h. Suppose -361 = h*u - 4*u. What is the hundreds digit of u?
3
Suppose 3*o - 5565 = 2*i - 27188, -2*i = o - 21619. What is the hundreds digit of i?
8
Suppose 3*m - 11815 = -5*t + 65527, 0 = 3*t - 2*m - 46428. What is the hundreds digit of t?
4
Suppose 18*t = 17*t - 48. Let g = 53 + t. Suppose 0 = a + 2*z - 111, -2*a + 200 + 67 = -g*z. What is the units digit of a?
1
Let c(k) = k**3 - 11*k**2 - 8*k + 8. Let a be c(8). Let m = a - -374. Suppose m = l - 0*l. What is the hundreds digit of l?
1
Suppose 2*d - j - 7331 = 6304, 6828 = d - 4*j. What is the thousands digit of d?
6
Suppose -148*w + 56943 = 23*w. What is the tens digit of w?
3
Suppose 0 = -4*s + 3*h + 16342, 3*s = -27*h + 22*h + 12271. What is the hundreds digit of s?
0
Suppose -16*y + 17*y + 103 = 0. Let h = 95 + y. Let x(w) = -w**3 - 8*w**2 - 12*w - 5. What is the tens digit of x(h)?
9
Suppose 536*r - 2192753 = 5010015. What is the thousands digit of r?
3
Let o be (1 + (-114)/10)*-5. Suppose 2*j - 3*j = 3*b + 23, b - 105 = 4*j. Let s = o - j. What is the tens digit of s?
7
Suppose -2*s + 5*s + 5*v = -5, -s = -v - 9. Suppose c - 19 = -s*y, 5*c + 4 = 24. Let x(i) = 60*i - 3. What is the units digit of x(y)?
7
What is the ten thousands digit of 6/(6/33505) + (-13)/(-26)*-6?
3
Let y(c) = -c**3 + c**2 + 5*c - 9. Let t be y(-4). Let q = 2 + t. What is the units digit of q?
3
Suppose 4*o + o - z = -2, -2*o - 3*z = 11. Let y(i) = -26*i**2 + i - 1. Let k be y(o). Let j = k + 51. What is the tens digit of j?
2
Let p = 3 - 3. Let r be (4/(-4))/(3*(-5)/2010). Suppose 2*t + 4*s - 128 = 0, -2*t = -p*t + 2*s - r. What is the units digit of t?
0
Suppose -35*b = 2*b - 104562. Let d = b - 1038. What is the hundreds digit of d?
7
Let f(i) = i**3 + 18*i**2 + 36*i - 39. What is the units digit of f(25)?
6
Let r = 3420 + 693. What is the hundreds digit of r?
1
What is the thousands digit of -8 - 64100/(-5) - (14 + (-6 - 0))?
2
Let y(f) = -521*f - 5414. What is the thousands digit of y(-27)?
8
Let m be (-260285)/(-60) + 5/(-60). Suppose -205*w = -196*w - m. What is the tens digit of w?
8
Suppose -3*b - 1020 = -2*x, b + 1068 = 5*x - 1508. Suppose -5*y = -4*h + x + 839, 0 = -h - 3*y + 343. What is the hundreds digit of h?
3
Suppose -70 = -34*x + 100. Suppose -5*f = -6*s + 11*s - 6965, -x*f = 4*s - 6969. What is the units digit of f?
7
Suppose 0 = 8*z - 4*z - 1024. Suppose -3*v = -6*v - 2*o + z, 2*o = 3*v - 236. Suppose -3*n - 2*n - 3*p + 454 = 0, 5*p = -n + v. What is the units digit of n?
2
Let k(q) = 232*q + 3